 composite?
False
Is 71897303 a prime number?
True
Is 5286326071 prime?
False
Is 16963268599 composite?
False
Is 320818177 a composite number?
True
Is 41740275371 a prime number?
True
Is 395605087 composite?
False
Is 2681869219 prime?
False
Is 1475180443 composite?
True
Is 36793296655 prime?
False
Is 197565163 composite?
True
Is 1034239911 prime?
False
Is 19940374537 composite?
False
Is 7880295307 composite?
False
Is 133255909 a composite number?
True
Is 10109986891 prime?
True
Is 2276663669 a prime number?
False
Is 1453852259 prime?
False
Is 811663561 a composite number?
True
Is 1515040937 a composite number?
True
Is 52144547803 prime?
True
Is 1729199039 a prime number?
False
Is 66091873931 composite?
True
Is 3413765221 prime?
True
Is 16180556551 a composite number?
True
Is 2902639903 a composite number?
False
Is 17618203618 a composite number?
True
Is 85164582571 prime?
False
Is 596137561 a composite number?
False
Is 788358367 composite?
True
Is 1666384933 a composite number?
False
Is 388574057 a prime number?
False
Is 2028212191 a prime number?
True
Is 309590644719 composite?
True
Is 1798851047 a composite number?
True
Is 3174710281 a prime number?
True
Is 116098931461 composite?
False
Is 14275740721 a composite number?
True
Is 1913872399 a composite number?
False
Is 829965905 prime?
False
Is 248578087 prime?
True
Is 15497485903 prime?
False
Is 713242693 a composite number?
False
Is 9685024819 a prime number?
False
Is 14162955133 a composite number?
True
Is 3377315551 composite?
True
Is 30160015811 a prime number?
True
Is 5056063553 a composite number?
True
Is 183514027279 prime?
False
Is 167350243 a composite number?
False
Is 4080410303 prime?
False
Is 138732467 composite?
False
Is 26098972301 composite?
True
Is 28669794283 a prime number?
False
Is 697788439 a composite number?
True
Is 23043598367 a prime number?
False
Is 10671407119 prime?
True
Is 6010351849 composite?
False
Is 36036702727 a prime number?
True
Is 4199095391 prime?
True
Is 1623993409 composite?
False
Is 88006633255 a composite number?
True
Is 1325794087 a prime number?
False
Is 25948061 prime?
False
Is 1300768621 a prime number?
True
Is 159421693 a prime number?
False
Is 11764392929 a composite number?
False
Is 203207281 a composite number?
True
Is 554938987 composite?
True
Is 1538821811 a prime number?
True
Is 30589589801 prime?
False
Is 4356369911 composite?
False
Is 5330497 composite?
True
Is 152034583 a composite number?
False
Is 181197740551 prime?
True
Is 529304557 a prime number?
True
Is 147331157731 prime?
True
Is 826487839 a prime number?
True
Is 95450683 a composite number?
False
Is 1167649661 a prime number?
True
Is 2633690206471 prime?
True
Is 3053288158 prime?
False
Is 33540033529 a prime number?
True
Is 51611443907 a composite number?
False
Is 21316395169 prime?
False
Is 2795683357 prime?
True
Is 33330389429 composite?
False
Is 6267368579 prime?
True
Is 49927053641 a prime number?
True
Is 871751731 composite?
True
Is 8997027661 a composite number?
False
Is 17902329919 composite?
True
Is 10173914683 a prime number?
False
Is 36918050363 composite?
False
Is 103072102537 composite?
True
Is 71695697 a composite number?
True
Is 1946767513 a composite number?
False
Is 57502903 a prime number?
False
Is 3010977941 a composite number?
False
Is 52656772039 a composite number?
True
Is 3801068554 a composite number?
True
Is 1159158467 prime?
True
Is 2154473987 composite?
True
Is 1210035107 a composite number?
True
Is 4283589731 a prime number?
False
Is 12434425513 composite?
False
Is 6926644381 prime?
True
Is 17892339943 a composite number?
True
Is 185750569 composite?
False
Is 739470917 prime?
True
Is 11638400329 composite?
False
Is 1961710433 a composite number?
False
Is 138641329 a prime number?
True
Is 35886309769 composite?
False
Is 8127137959 prime?
False
Is 137670428801 composite?
False
Is 461236483 composite?
False
Is 1981453259 a composite number?
False
Is 39773758459 a prime number?
False
Is 580260641 composite?
True
Is 8604018923 prime?
True
Is 561775978 a composite number?
True
Is 4267524247 prime?
False
Is 179451841 composite?
False
Is 2296498762 a prime number?
False
Is 88599077 a prime number?
False
Is 1793986547 a prime number?
False
Is 41103571099 a prime number?
False
Is 9279583 composite?
False
Is 3551010157 a prime number?
True
Is 1168788779 a prime number?
False
Is 14412194099 prime?
True
Is 1613751811 a composite number?
True
Is 190886777 a prime number?
False
Is 4594261993 a prime number?
True
Is 2171275571 prime?
True
Is 46325789 prime?
False
Is 1502964803 prime?
True
Is 2971415789 a prime number?
False
Is 1533109093 prime?
False
Is 1989932849 composite?
False
Is 61495038953 a prime number?
False
Is 34877490607 composite?
False
Is 282712733 a prime number?
False
Is 323801321 a composite number?
False
Is 20468059409 a prime number?
False
Is 4503092029 prime?
False
Is 7294967377 a prime number?
True
Is 1934374753 a composite number?
False
Is 5312432329 prime?
False
Is 53496131 a composite number?
True
Is 17711393819 a prime number?
False
Is 948669061 a composite number?
True
Is 484437245 a prime number?
False
Is 14749764717 a prime number?
False
Is 2450863277 a composite number?
False
Is 44279055619 composite?
False
Is 102258288001 a prime number?
True
Is 20162261373 a prime number?
False
Is 13943351857 composite?
True
Is 18862820413 composite?
False
Is 1153626787 a prime number?
True
Is 2243753543 prime?
True
Is 824146651 composite?
False
Is 6666335941 a prime number?
False
Is 672399389 a composite number?
False
Is 2656717127 a prime number?
True
Is 33711191747 a composite number?
True
Is 44078009 prime?
False
Is 19002174567 composite?
True
Is 73032804193 composite?
False
Is 76131975961 a composite number?
False
Is 7081633345 prime?
False
Is 38539329677 composite?
True
Is 3770703571 a prime number?
False
Is 4228592273 composite?
True
Is 12497579837 a prime number?
True
Is 906128299 composite?
False
Is 1796211453 a composite number?
True
Is 2835374771 a composite number?
True
Is 7775579473 prime?
True
Is 38833391 a composite number?
False
Is 181484733967 a composite number?
True
Is 3786789829 a prime number?
False
Is 129222716101 a composite number?
False
Is 223404561493 prime?
True
Is 12201973013 composite?
True
Is 9283347109 a prime number?
True
Is 46389839897 a prime number?
True
Is 79340780117 prime?
False
Is 18291173 a prime number?
True
Is 22052392393 a prime number?
True
Is 84254959 a prime number?
False
Is 335147279 prime?
False
Is 14998408405 a prime number?
False
Is 50027883 prime?
False
Is 1486502887 composite?
True
Is 34846197359 composite?
False
Is 206852960477 a composite number?
True
Is 146448933937 a composite number?
False
Is 1219332767 prime?
True
Is 447074761 prime?
False
Is 59642567539 composite?
True
Is 247275031 composite?
False
Is 27007133 prime?
True
Is 7633256437 a prime number?
True
Is 3396104599 composite?
True
Is 3895103803 a prime number?
False
Is 76167041 composite?
False
Is 104274289 composite?
True
Is 971195611 a composite number?
False
Is 14792283281 a prime number?
False
Is 1581088469 composite?
True
Is 1670903437 composite?
True
Is 1481367967 a composite number?
True
Is 95584382147 composite?
True
Is 1132873631 a composite number?
True
Is 8668381577 composite?
True
Is 220610297 prime?
False
Is 602646983 a prime number?
True
Is 6575556439 composite?
True
Is 8185900493 prime?
False
Is 83151581027 a prime number?
False
Is 1619653253 composite?
False
Is 1103699647 a prime number?
True
Is 65040873 a composite number?
True
Is 764187497 composite?
True
Is 8824242299 a composite number?
False
Is 646846567 a composite number?
False
Is 472734995 composite?
True
Is 2290046729 a prime number?
False
Is 16397723471 a composite number?
False
Is 26346451387 prime?
True
Is 321278779 prime?
True
Is 229119221 a prime number?
True
Is 55625455471 prime?
True
Is 766408663 prime?
True
Is 3892593641 prime?
True
Is 6104813207 composite?
True
Is 8432370887 composite?
True
Is 611526701 a composite number?
True
Is 1661560391 a composite number?
False
Is 205400027597 prime?
False
Is 12162189397 composite?
False
Is 32527245739 a composite number?
False
Is 1575044831 a prime number?
False
Is 95288671 a prime number?
True
Is 39658838239 prime